k?
26
Suppose -2*p - 4*a = -6, 5*a = 3*p + a + 1. Let u be p/((-4*(-6)/32)/15). Calculate the highest common factor of u and 60.
20
Let c(a) = 3*a**2 - 6*a - 13. Let j be c(-7). Calculate the highest common divisor of j and 16.
16
Suppose -5*k + 3*x + 118 = 2*x, x = 2. Calculate the highest common divisor of k and 12.
12
Let y = -2 + -5. Let m(f) = 2*f**3 - 630*f + 634*f - 13 - 3 + 15*f**2. Let p be m(y). What is the highest common divisor of 20 and p?
5
Suppose -5*k = -k - 32. Suppose -71 = q + a, 4*a + 5 + 7 = 0. Let p = q + 88. What is the greatest common factor of p and k?
4
Let c be 616/33 - 1/(-3). Let u = -18 + c. Let w = -6 - -15. Calculate the greatest common divisor of u and w.
1
Let u(r) = -r**3 - 39*r**2 - 2*r - 73. Let t be u(-39). What is the greatest common factor of t and 95?
5
Let x be 1/(20/(-12)) - (-886)/10. Suppose 3*m - 8 = x. Calculate the highest common divisor of m and 48.
16
Suppose -4*x + 11*k + 775 = 0, 2*x - 4*x = 4*k - 340. Calculate the greatest common divisor of x and 160.
20
Let j be (16/20)/((-1)/(-5)) + 117. What is the greatest common factor of j and 176?
11
Suppose 2556 = 31*i - 3272. What is the highest common factor of 329 and i?
47
Let o be 1/(-4) - (-2)/8. Let d(m) = -m**2 - m + 27. Let k be d(o). What is the highest common factor of 297 and k?
27
Let k(r) = r**2 - 15*r + 3. Let y be k(15). Suppose y*n - 129 - 105 = 0. What is the greatest common divisor of 52 and n?
26
Suppose 0*b - 2 = 2*b. Let i be (36/16)/(b/(-4)). Calculate the highest common divisor of 1 and i.
1
Let p(x) = 57*x**2 + 24*x - 25. Let k be p(1). What is the greatest common divisor of 2 and k?
2
Suppose z + 3*l = 162, 3*z - 8*z = 2*l - 836. Let v be 6/(1 + (-159)/z). Suppose 9*m - 105 - 21 = 0. Calculate the greatest common divisor of m and v.
14
Let p be (-2 + 1/2)/((-33)/814). Suppose 32*j - p*j = -85. Suppose 2*c - 489 = -115. Calculate the highest common divisor of c and j.
17
Suppose 4*s = -15 - 13. Let m = 1 + s. Let g(d) = -d - 2. Let w be g(m). What is the greatest common divisor of w and 10?
2
Let f = 12 + -4. Suppose 0 = 2*n - 4 - f. Suppose 3*v = n*v - 24. What is the greatest common divisor of v and 4?
4
Let v = 13 + -11. Let i = -317 - -539. Suppose 0 = -3*a + v*r + i, 78 = a - 0*r - 2*r. What is the greatest common factor of a and 9?
9
Let j(u) = u**2 - 6*u + 184. Let p be j(0). What is the highest common divisor of p and 8?
8
Suppose -9*z = 10*z - 209. What is the highest common divisor of z and 319?
11
Suppose -15*n + 8435 = -1705. Calculate the greatest common divisor of 52 and n.
52
Let b = 50 + -49. Suppose -4*l - 2*q = -14, 3*l - 3*q + 11 = -b. Let x(c) = c**2. Let d be x(-1). Calculate the highest common factor of d and l.
1
Let z(l) = 9*l + 175. Let b be z(-12). What is the highest common divisor of b and 536?
67
Let m(c) = c**2 + 16*c - 6. Let x(s) = 2*s**2 + 32*s - 12. Let l(o) = 5*m(o) - 2*x(o). Let p be l(-18). Calculate the highest common divisor of p and 12.
6
Let g = 312 + -243. Calculate the greatest common divisor of 253 and g.
23
Let x = 1833 - 1257. What is the highest common divisor of x and 8?
8
Let b(y) = 9*y**2 - 3*y - 2. Let h be b(-4). Let k be 4/9 + (-388)/(-18). What is the highest common factor of k and h?
22
Let r be 11/(-1) + (-2)/2. Let a(h) = 4*h**3 - 4*h**3 + h**3 + 18 + 13*h + 13*h**2. Let v be a(r). Calculate the highest common factor of v and 2.
2
Suppose 0 = -2*g - 4*c + 44, 9*g - 4*g + 5*c - 130 = 0. What is the greatest common factor of g and 24?
6
Let p be 1/(((-54)/4131)/(4/(-3))). What is the highest common factor of 6 and p?
6
Let v(o) = o**2 - 4*o - 3*o - 10 + 10*o. Let n be v(3). What is the highest common divisor of 32 and n?
8
Let r be 4 - (1*-2 - -4). Suppose 3*d + 2*i - 20 = 0, -4*i = -7*d + r*d + 48. Let n be (3 - 1)/((-4)/(-32)). What is the greatest common divisor of d and n?
8
Let x(u) = 2*u**2 - 6*u + 3. Let z be x(2). Let c(i) = -i - 2*i - 4*i. Let k be c(z). What is the greatest common factor of 7 and k?
7
Let j(l) = 9*l - 129. Let i be j(16). Calculate the greatest common divisor of 120 and i.
15
Let q be 398/4 + 10/20. Calculate the highest common factor of q and 75.
25
Suppose 6*c - 5*c = -4. Let o be c*(-9)/6*4. What is the highest common divisor of o and 36?
12
Let g(y) = y**3 + 4*y**2 - 4*y + 10. Let t be g(-5). Let s be 3/t - 1 - 1302/(-155). What is the highest common divisor of 40 and s?
8
Suppose -7632 = -14*c + 2*c. Let j be c/45 - 2/15. Calculate the greatest common factor of j and 182.
14
Let k be 48 - 0 - (-5 - -2)*1. What is the highest common divisor of 408 and k?
51
Let a = 293 + -163. Let c(u) = u**2 + 28*u - 281. Let t be c(9). What is the highest common divisor of a and t?
26
Let u = 90 + -65. What is the greatest common factor of u and 100?
25
Suppose -6 - 39 = -5*x. Suppose 77 = x*y - 8*y. Calculate the greatest common divisor of 7 and y.
7
Let m be 8*2/4*3/2. Calculate the greatest common factor of 60 and m.
6
Suppose 5*l + 174*z - 1861 = 171*z, 0 = -l + 2*z + 380. Calculate the highest common factor of 33 and l.
11
Suppose -3*k = -74 + 29. Suppose 406 = 2*g + 166. What is the greatest common divisor of g and k?
15
Suppose 136 = 4*i - 5*b, -i - 4*i + 137 = 2*b. Let u = 18 - 25. Let q = 22 - u. Calculate the greatest common factor of q and i.
29
Let x = -2341 + 3205. What is the highest common factor of 162 and x?
54
Suppose 1876 = 31*w - 1472. Calculate the greatest common factor of 180 and w.
36
Suppose -y + 25 = 4*f, -4*y + 62 = -5*f - 17. What is the highest common factor of 14 and y?
7
Let m = 21 - 21. Suppose -18 = -3*u - m*u. Let p be ((-9)/u - 1)*-4. Calculate the highest common divisor of p and 70.
10
Let u(n) = 68*n**2 - 36*n - 17. Let k be u(-8). What is the greatest common divisor of k and 23?
23
Let w be ((-3)/7)/((-2)/14). Suppose -k + 2*c + 195 = 0, k - 2*c - 207 = w*c. Calculate the greatest common factor of k and 11.
11
Let n be (6 + 30)*(-2)/2. Let b be (25/10)/((-2)/n). Suppose 4*g - b = -g. What is the greatest common factor of 6 and g?
3
Suppose -15*v = -13*v - 72. Suppose -5*u = -u - v. What is the greatest common divisor of 72 and u?
9
Let k be (-2)/4 + (-84)/24. Let b be 1 - -21 - k/(-2). What is the greatest common factor of 20 and b?
20
Suppose 4*w = -17 + 1. Let s be -1 - (1 + 2)*-1. Let j be s/w*(-696)/4. Calculate the highest common factor of 58 and j.
29
Let n = -544 + 656. Calculate the greatest common divisor of n and 308.
28
Suppose -y - 4 = -r - 10, 0 = 2*y + 2*r - 16. Let f(n) = 3*n - 2. Let z be f(1). What is the highest common divisor of y and z?
1
Let p(t) = -t - 6. Let q be p(-26). Calculate the greatest common divisor of 160 and q.
20
Let g be (-1 + -49)*2/(-5). Let z = g - 7. Calculate the greatest common factor of z and 91.
13
Let r = 46 + -46. Suppose r = -2*m - 7 + 11. Calculate the greatest common divisor of m and 2.
2
Let j = -23 - -58. Suppose 18 = i + j. Let z be 3/(-12)*0 - i. Calculate the highest common divisor of 17 and z.
17
Let f(p) = 3*p**2 + 17*p + 29. Let y be f(-10). Calculate the greatest common factor of 53 and y.
53
Suppose -75*f + 154*f - 4424 = 0. Let u(g) = 10*g**2 + 4*g - 4. Let t be u(-4). What is the greatest common factor of t and f?
28
Let z = 44 + 12. What is the highest common factor of z and 1526?
14
Suppose 56 = 4*z - 3*n, -3*n = -4*z + 3*z + 14. Suppose -2*q = 3*w - 2*w - z, 2*q = 4*w - 66. Calculate the highest common divisor of 128 and w.
16
Let r = 24 - -459. What is the highest common factor of r and 21?
21
Suppose -2*r - r = -3*o - 27, -r - 4*o = -29. What is the greatest common divisor of 3 and r?
1
Let i(l) = -l**3 + 6*l**2 - l - 4. Let n be i(4). Suppose -n = 6*b - 8*b. What is the greatest common divisor of 132 and b?
12
Let t be (-2 + (-24)/21)/((-12)/84). What is the greatest common divisor of 11 and t?
11
Suppose -6*d + d - 15 = 0, -4*i - 110 = 2*d. Let n = -1 - i. Suppose 2*o = 3*f + 147 + 68, 0 = o + 2*f - 90. Calculate the highest common factor of o and n.
25
Suppose -20 = -0*r + 2*r. Let k = r - -9. Let a = k - -5. Calculate the greatest common divisor of a and 8.
4
Let p(s) = 10*s - 40. Let n be 10/((1 - 2)/(-1)). Let h be p(n). Calculate the greatest common factor of h and 30.
30
Suppose 216*m + 1496 = 224*m. Calculate the highest common factor of m